{"id":9,"date":"2026-05-15T08:48:36","date_gmt":"2026-05-15T08:48:36","guid":{"rendered":"https:\/\/go88.travel\/?page_id=9"},"modified":"2026-05-15T08:55:19","modified_gmt":"2026-05-15T08:55:19","slug":"go88","status":"publish","type":"page","link":"https:\/\/go88.travel\/","title":{"rendered":"GO88"},"content":{"rendered":"\n\t<section class=\"section\" id=\"section_515403509\">\n\t\t<div class=\"section-bg fill\" >\n\t\t\t\t\t\t\t\t\t\n\t\t\t\n\n\t\t<\/div>\n\n\t\t\n\n\t\t<div class=\"section-content relative\">\n\t\t\t\n\t<div class=\"img has-hover x md-x lg-x y md-y lg-y\" id=\"image_448637532\">\n\t\t\t\t\t\t\t\t<div class=\"img-inner dark\" >\n\t\t\t<img loading=\"lazy\" decoding=\"async\" width=\"800\" height=\"400\" src=\"https:\/\/go88.travel\/wp-content\/uploads\/2026\/05\/unnamed-1.jpg\" class=\"attachment-original size-original\" alt=\"\" srcset=\"https:\/\/go88.travel\/wp-content\/uploads\/2026\/05\/unnamed-1.jpg 800w, https:\/\/go88.travel\/wp-content\/uploads\/2026\/05\/unnamed-1-300x150.jpg 300w, https:\/\/go88.travel\/wp-content\/uploads\/2026\/05\/unnamed-1-768x384.jpg 768w\" sizes=\"auto, (max-width: 800px) 100vw, 800px\" \/>\t\t\t\t\t\t\n\t\t\t\t\t<\/div>\n\t\t\t\t\t\t\t\t\n<style>\n#image_448637532 {\n  width: 100%;\n}\n<\/style>\n\t<\/div>\n\t\n<div class=\"row\"  id=\"row-539700586\">\n\n\t<div id=\"col-1276336418\" class=\"col small-12 large-12\"  >\n\t\t\t\t<div class=\"col-inner\"  >\n\t\t\t\n\t\t\t\n<h1 style=\"text-align: center;\">Go88 &#8211; Trang Ch\u1ee7 Ch\u00ednh Th\u1ee9c C\u1ee7a Go88.Com<\/h1>\n<p>Go88 l\u00e0 c\u1ed5ng game \u0111\u1ed5i th\u01b0\u1edfng n\u1ed5i b\u1eadt n\u0103m 2026, \u0111\u01b0\u1ee3c nhi\u1ec1u ng\u01b0\u1eddi ch\u01a1i l\u1ef1a ch\u1ecdn nh\u1edd h\u1ec7 sinh th\u00e1i gi\u1ea3i tr\u00ed \u0111a d\u1ea1ng, giao d\u1ecbch n\u1ea1p r\u00fat nhanh ch\u00f3ng v\u00e0 c\u01a1 ch\u1ebf b\u1ea3o m\u1eadt 2 l\u1edbp an to\u00e0n. N\u1ec1n t\u1ea3ng mang \u0111\u1ebfn tr\u1ea3i nghi\u1ec7m \u1ed5n \u0111\u1ecbnh v\u1edbi nhi\u1ec1u th\u1ec3 lo\u1ea1i game h\u1ea5p d\u1eabn, giao di\u1ec7n th\u00e2n thi\u1ec7n tr\u00ean m\u1ecdi thi\u1ebft b\u1ecb c\u00f9ng d\u1ecbch v\u1ee5 h\u1ed7 tr\u1ee3 kh\u00e1ch h\u00e0ng 24\/7. B\u00ean c\u1ea1nh \u0111\u00f3, Go88 c\u00f2n \u0111\u01b0\u1ee3c \u0111\u00e1nh gi\u00e1 cao nh\u1edd t\u00ednh minh b\u1ea1ch, v\u1eadn h\u00e0nh c\u00f4ng b\u1eb1ng v\u00e0 kh\u1ea3 n\u0103ng b\u1ea3o v\u1ec7 d\u1eef li\u1ec7u ng\u01b0\u1eddi d\u00f9ng theo ti\u00eau chu\u1ea9n hi\u1ec7n \u0111\u1ea1i.<\/p>\n\t\t<\/div>\n\t\t\t\t\t<\/div>\n\n\t\n<\/div>\n\t\t<\/div>\n\n\t\t\n<style>\n#section_515403509 {\n  padding-top: 30px;\n  padding-bottom: 30px;\n}\n<\/style>\n\t<\/section>\n\t\n","protected":false},"excerpt":{"rendered":"","protected":false},"author":1,"featured_media":0,"parent":0,"menu_order":0,"comment_status":"closed","ping_status":"closed","template":"page-blank.php","meta":{"footnotes":""},"class_list":["post-9","page","type-page","status-publish","hentry"],"_links":{"self":[{"href":"https:\/\/go88.travel\/index.php?rest_route=\/wp\/v2\/pages\/9","targetHints":{"allow":["GET"]}}],"collection":[{"href":"https:\/\/go88.travel\/index.php?rest_route=\/wp\/v2\/pages"}],"about":[{"href":"https:\/\/go88.travel\/index.php?rest_route=\/wp\/v2\/types\/page"}],"author":[{"embeddable":true,"href":"https:\/\/go88.travel\/index.php?rest_route=\/wp\/v2\/users\/1"}],"replies":[{"embeddable":true,"href":"https:\/\/go88.travel\/index.php?rest_route=%2Fwp%2Fv2%2Fcomments&post=9"}],"version-history":[{"count":2,"href":"https:\/\/go88.travel\/index.php?rest_route=\/wp\/v2\/pages\/9\/revisions"}],"predecessor-version":[{"id":14,"href":"https:\/\/go88.travel\/index.php?rest_route=\/wp\/v2\/pages\/9\/revisions\/14"}],"wp:attachment":[{"href":"https:\/\/go88.travel\/index.php?rest_route=%2Fwp%2Fv2%2Fmedia&parent=9"}],"curies":[{"name":"wp","href":"https:\/\/api.w.org\/{rel}","templated":true}]}}